*z**2 + 4*z - 1. Give q(-3).
-22
Let a(f) = -f**3 + 13*f**2 - 19*f - 22. Calculate a(11).
11
Let h(b) = -11*b + 26. Give h(12).
-106
Let d(l) = 6*l - 113. Give d(18).
-5
Let t(s) = s**3 - 9*s**2 - 12*s - 8. Determine t(10).
-28
Let f(u) = -2*u + 7. Calculate f(7).
-7
Let c(r) = -r**3 - 9*r**2 + 12*r - 6. What is c(-10)?
-26
Let f(i) = -i**2 + 24*i + 7. Calculate f(23).
30
Let y(k) = -k**2 + 99. Calculate y(-10).
-1
Let w(l) = -l + 1. Give w(-2).
3
Let m(n) = -n**3 - 13*n**2 + 2*n - 15. Calculate m(-13).
-41
Let j(q) = -q - 29. Determine j(7).
-36
Let o(w) = -4*w - 20. Calculate o(-4).
-4
Let f(n) = 2*n**2 - 61*n - 51. Give f(31).
-20
Let v(o) = -2*o + 5. Determine v(1).
3
Let d(t) = 121*t**3 - 2*t**2 + 3*t - 2. Calculate d(1).
120
Let o(m) = -7*m - 7. What is o(6)?
-49
Let k(m) = 90*m + 1001. Determine k(-11).
11
Let q(h) = 5*h**2 - 21*h - 3. Determine q(4).
-7
Let a(h) = h**2 - 14*h + 2. Give a(11).
-31
Let m(g) = -2*g**3 + 27*g**2 - 15*g + 23. Calculate m(13).
-3
Let n(a) = -3*a - 11. Give n(-3).
-2
Let z(t) = -30*t**2 + 2*t - 1. Give z(-2).
-125
Let x(s) = s**3 - 4*s**2 - 6*s - 4. Calculate x(6).
32
Let o(y) = -y + 8. Determine o(7).
1
Let v(p) = 3*p**3 + 3*p**2 + p - 2. What is v(-2)?
-16
Let m(n) = n**3 - 3*n**2 + 3*n - 57. Determine m(5).
8
Let n(d) = d**3 + 7*d**2 - 3*d - 20. Determine n(-8).
-60
Let q(x) = -3*x**3 + 3. Give q(0).
3
Let d(m) = m**3 - 6*m**2 + 8*m + 3. What is d(4)?
3
Let t(b) = 2*b**3 + 17*b**2 + 5*b - 10. Determine t(-8).
14
Let m(z) = 12*z**3 + z**2 - z - 1. What is m(-1)?
-11
Let r(n) = -5*n**2 + 8*n - 3. Give r(3).
-24
Let w(a) = -14*a - 63. Determine w(-5).
7
Let w(a) = 14*a + 20. Calculate w(-2).
-8
Let g(i) = 8*i - 40. Give g(15).
80
Let m(l) = -2*l**2 + 5*l + 8. Calculate m(4).
-4
Let u(s) = s**3 - 14*s**2 + 1. Determine u(14).
1
Let s(k) = -5*k**3 + 2*k**2 + 2. Calculate s(2).
-30
Let w(t) = t**3 - 5*t**2 - 7*t. Give w(6).
-6
Let b(m) = -8*m**2 + 6*m + 66. Determine b(-6).
-258
Let d(p) = -p**2 - 13*p + 4. Determine d(-7).
46
Let u(b) = b**2 + 2*b - 2. Calculate u(5).
33
Let a(j) = -2*j**3 + 3*j**2 + 5. What is a(3)?
-22
Let n(p) = 22*p + 115. Give n(-6).
-17
Let h(y) = 4*y + 51. Calculate h(-8).
19
Let m(h) = h**2 - 16*h - 7. Determine m(19).
50
Let b(p) = -3*p - 15. Determine b(-6).
3
Let h(z) = -54*z - 1. Calculate h(4).
-217
Let c(x) = x**2 - 7*x + 24. Calculate c(6).
18
Let n(k) = -4*k + 11. Calculate n(13).
-41
Let q(k) = k**3 + 10*k**2 + 5*k - 6. What is q(-9)?
30
Let u(l) = 17*l - 190. Give u(12).
14
Let b(v) = 18*v**2 - v - 2. What is b(-2)?
72
Let l(t) = t**3 - 17*t**2 - 20*t + 26. Determine l(18).
-10
Let q(c) = -3*c - 12. Calculate q(10).
-42
Let i(m) = 10*m + 76. Determine i(-8).
-4
Let n(j) = 7*j - 2. What is n(9)?
61
Let c(u) = 4*u**2 + 6*u. Calculate c(-2).
4
Let d(x) = 31*x - 121. What is d(4)?
3
Let y(k) = k**3 - 5*k**2 - 7*k + 11. Give y(6).
5
Let v(b) = b**2 - 5*b + 1. Calculate v(-2).
15
Let n(q) = 4*q - 12. Calculate n(2).
-4
Let p(r) = -3*r + 3. What is p(7)?
-18
Let a(l) = l**3 + 2*l**2 - 10*l - 7. Determine a(-4).
1
Let q(v) = v**2 + 29*v + 64. Determine q(-25).
-36
Let w(h) = -h**2 + 14*h - 67. What is w(10)?
-27
Let w(y) = -y**3 + 20*y**2 + 43*y + 33. Give w(22).
11
Let n(c) = -11*c - 2. What is n(-1)?
9
Let h(u) = -2*u**3 + 6*u**2 - u - 4. Calculate h(4).
-40
Let r(v) = -2*v**2 + 12*v + 31. What is r(8)?
-1
Let a(x) = x**2 - 13*x + 4. Give a(1).
-8
Let q(n) = 4*n**2 - 44*n + 4. Give q(11).
4
Let r(f) = -2*f**2 - 2*f - 5. Determine r(-3).
-17
Let z(g) = 11*g - 148. Calculate z(14).
6
Let y(w) = 3*w**2 + 6*w + 4. Calculate y(-8).
148
Let j(x) = 61*x + 1290. What is j(-21)?
9
Let l(f) = -f**3 + 8*f**2 - 7*f - 3. Give l(5).
37
Let y(a) = 8*a - 5. Calculate y(3).
19
Let z(j) = j**3 - 29*j**2 - 28*j - 11. Determine z(30).
49
Let n(c) = c**3 - 6*c**2 - 3*c - 6. What is n(7)?
22
Let s(l) = -l**3 + l**2 - 2*l - 83. Determine s(0).
-83
Let d(n) = n**2 - 9*n + 3. Calculate d(12).
39
Let q(b) = -b + 7. What is q(-8)?
15
Let v(i) = i + 12. What is v(-6)?
6
Let v(f) = -2*f - 1. Give v(-2).
3
Let p(m) = 12*m - 2. Calculate p(2).
22
Let q(p) = -2*p**3 + p**2 - 7*p - 8. Give q(4).
-148
Let x(q) = -8*q**2 - 3*q + 4. Determine x(2).
-34
Let b(x) = 115*x + 1040. Calculate b(-9).
5
Let f(o) = 85*o**3 + o**2 - o. Determine f(1).
85
Let a(o) = -2*o - 11. Calculate a(-5).
-1
Let w(q) = -q**2 - 17*q + 128. Give w(-23).
-10
Let b(p) = p**3 + 12*p**2 + 20*p - 4. Give b(-10).
-4
Let w(b) = -40*b - 231. Calculate w(-6).
9
Let n(v) = v**2 - 2*v - 4. Give n(2).
-4
Let z(p) = -14*p - 11. Determine z(2).
-39
Let s(u) = u**2 - 9*u - 20. Give s(11).
2
Let w(n) = -6*n**3 + 34*n**2 - 15*n - 9. Give w(5).
16
Let y(f) = -2*f**2 + 37*f - 18. Give y(18).
0
Let f(b) = 8*b - 7. Determine f(4).
25
Let q(n) = -2*n + 20. What is q(14)?
-8
Let c(k) = k**3 + 5*k**2 + 3*k - 5. Determine c(-4).
-1
Let x(u) = -u**3 + 7*u**2 - 10*u + 30. Give x(6).
6
Let a(h) = -2*h + 9. What is a(14)?
-19
Let c(p) = -17*p + 2. Give c(-2).
36
Let j(g) = -2*g - 3. Calculate j(4).
-11
Let j(m) = -8*m - 45. Calculate j(-5).
-5
Let c(o) = o - 12. Calculate c(9).
-3
Let q(d) = d**3 - d**2 + d + 17. Calculate q(0).
17
Let s(o) = -o**3 + 23*o**2 + 20*o + 101. Give s(24).
5
Let j(o) = -o**3 - 3*o**2 - 3*o - 4. What is j(-5)?
61
Let q(h) = -3*h + 25. Calculate q(5).
10
Let i(b) = -b**3 + 7*b**2 + 9*b - 2. Calculate i(8).
6
Let y(n) = -12*n - 2. Determine y(-1).
10
Let l(h) = -h**2 + 19*h - 6. Give l(18).
12
Let p(r) = -r**2 + 28*r - 195. Calculate p(17).
-8
Let n(v) = -v**2 - 29*v - 157. What is n(-8)?
11
Let u(f) = -f**3 - 7*f**2 - 10. Give u(-7).
-10
Let k(i) = -i**3 - i**2 + 2*i + 15. Give k(0).
15
Let u(k) = -k**3 - 10*k**2 - 11*k - 3. Determine u(-8).
-43
Let u(q) = -105*q**3 - q**2. What is u(1)?
-106
Let w(o) = o**2 + 24*o + 106. Calculate w(-12).
-38
Let r(t) = -43*t**2 - 4*t - 3. Calculate r(-1).
-42
Let d(l) = -l**3 - 4*l**2 + 5*l - 11. What is d(-5)?
-11
Let i(p) = -5*p + 37. What is i(9)?
-8
Let c(a) = a**2 + a - 22. Give c(-6).
8
Let n(g) = g**2 + 2*g + 1. Give n(-2).
1
Let h(o) = 12*o**2 + 10*o + 5. What is h(-1)?
7
Let p(t) = -t**3 + 24*t**2 + 53*t - 20. What is p(26)?
6
Let o(d) = -d**2 + 42*d - 114. What is o(3)?
3
Let i(w) = -6*w**2 - w + 1. Give i(1).
-6
Let x(n) = -n + 18. What is x(-13)?
31
Let c(j) = -2*j**2 - 21*j + 63. Determine c(-13).
-2
Let w(g) = 4*g**2 + 9*g + 4. Calculate w(-6).
94
Let i(n) = -n + 8. What is i(-7)?
15
Let u(p) = 5*p + 11. Determine u(-8).
-29
Let f(x) = -3*x + 8. Calculate f(4).
-4
Let l(h) = -4*h**2 - 4*h + 2. Determine l(1).
-6
Let k(i) = 10*i - 1. Determine k(1).
9
Let u(i) = i**2 + 40*i + 360. Calculate u(-26).
-4
Let x(j) = -2*j**2 - 4*j + 5. Calculate x(-6).
-43
Let l(u) = -5*u - 135. Give l(-24).
-15
Let y(b) = b**3 - 2*b**2 + 11*b - 35. Give y(3).
7
Let k(h) = -9*h**3 + 2*h**2 + h. Give k(-1).
10
Let d(k) = -4*k + 45. Give d(13).
-7
Let t(q) = 8*q**3 + q**2 - 6*q - 7. What is t(-1)?
-8
Let k(n) = 4*n - 185. Give k(49).
11
Let m(v) = 2*v**2 + 4*v - 16. What is m(2)?
0
Let y(m) = -m**3 + 9*m**2 - 6*m + 14. Calculate y(9).
-40
Let z(n) = -2*n + 1. Calculate z(9).
-17
Let s(w) = -w + 1. Determine s(0).
1
Let h(g) = 73*g + 10. Give h(1).
83
Let c(f) = f**3 + f - 2. Give c(0).
-2
Let w(n) = 22*n**3 + n**2 - 1. Calculate w(1).
22
Let q(u) = -10*u + 1. Calculate q(4).
-39
Let m(v) = -v**3 - 19*v**2 - 2. Calculate m(-19).
-2
Let h(x) = -16*x - 26. Calculate h(8).
-154
Let h(m) = -m + 45. Give h(15).
30
Let i(d) = d**3 - 2*d**2 + 4. Calculate i(-3).
-41
Let h(t) = -2*t**2 - 24*t + 18. Calculate h(-13).
-8
Let a(x) = x**3 - 12*x**2 + 23*x - 25. Give a(10).
5
Let l(x) = 9*x - 82. Give l(9).
-1
Let d(p) = p**2 - p - 5. What is d(6)?
25
Let g(r) = -r**3 + 2*r**2 + 4*r - 13. Determine g(3).
-10
Let c(y) = y**3 - 13*y**2 + 14*y + 4. What is c(12)?
28
Let m(n) = 2*n + 63. Determine m(-36).
-9
Let y(i) = -14*i**2 + 121*i + 46. What is y(9)?
1
Let h(n) = -n**3 + 15*n**2 - 21*n + 111. What is h(14)?
13
Let r(i) = i**3 - 13*i**2 - 7*i + 85. What is r(13)?
-6
Let f(z) = z + 8. Determine f(-11).
-3
Let k(p) = -37*p + 287. Calculate k(8).
-9
Let g(w) = -4*w + 9. Give g(4).
-7
Let l(q) = q - 14. Calculate l(-5).
-19
Let g(f) = -3*f + 5. Determine g(-13).
44
Let d(x) = -x**3 + 12*x**2 - 20*x + 35. Calculate d(10).
35
Let d(x) 